-2*y + 6*y. Suppose 3*l - 407 = -x*f, 3*l = -10 - 5. Is f a prime number?
True
Let g = 590 + 1139. Let m = g + -1116. Is m a prime number?
True
Let o(q) = q**3 + 14*q**2 - 15*q - 1. Let k be o(-15). Is 12*k/((-4)/47) a prime number?
False
Suppose 3*o = -2*s + 1142, 2*s = 3*o + 714 + 428. Is s a prime number?
True
Is (-268)/(-12) + -23 + 165875/3 composite?
False
Let b = 5378 + -3212. Let y be b/3 - (0 - 1). Let g = 1014 - y. Is g a composite number?
True
Suppose -48*a + 5485 = -43*a. Is a prime?
True
Is ((-60)/100)/(2/(-64270)) composite?
True
Let q be 1/(-3)*(33 - 3). Is (-26078)/(-85) - 2/q a composite number?
False
Let p be (2 + -4 - -6) + 0. Let j(d) = 5 - 2*d**2 + 1 + 7*d + p*d**2 + 3*d**2. Is j(-4) prime?
False
Suppose 18*j - 24253 = 17*j - 2*m, -5*j - 3*m + 121279 = 0. Is j prime?
False
Let t be (2 + 0)/((-6)/(-12)). Is (26/t)/((-3)/(-18)) prime?
False
Suppose -15*q + 2219 = 2*l - 16*q, -l + 1108 = q. Is l composite?
False
Suppose 3*g + 5*z + 25 + 0 = 0, -4*z + 16 = 0. Let u be (-6)/g + (-6)/15. Suppose -2*x + 121 = 3*p - u*p, -2*p = -3*x + 175. Is x a composite number?
False
Let a(z) = -2*z**3 + 65*z**2 + 10. Is a(31) a composite number?
True
Suppose -11*i - 2412 = -14*i. Let s be ((-28)/12)/(4/i). Let q = -236 - s. Is q a composite number?
False
Suppose 5*p - 8*p = -12. Suppose 0 = 2*v + p*f - 1012, 5*v + 5*f - 2555 = -0*f. Is v/9 - (-10)/15 a prime number?
False
Let c = -4147 + 22764. Is c composite?
False
Let y be 2988/2 + 1*3. Let t = y - 578. Is t a prime number?
True
Let v = 6 - 10. Let y(w) = -9 + 5 - 1 - 2*w + 10*w**2. Is y(v) prime?
True
Suppose 4*r - 318 = 2*f, 4*r + f - 313 = -2*f. Suppose -2*m + 4*w + 22 = 0, -5*m - r = -10*m - 2*w. Let k = m - -50. Is k a composite number?
True
Suppose 5*m + 3242 - 14777 = 0. Let i = m - 1486. Is i composite?
False
Let z(o) = -o**2 - o + 19. Let y be z(-4). Let w(r) = 86*r + 9. Is w(y) composite?
True
Let n = 178 + 228. Let y(b) = n*b**3 - 21 + 21 + b**2. Is y(1) prime?
False
Suppose 13*h - 14*h - 1 = 0. Let y = -7 - -7. Is -10*(y + 1)*h composite?
True
Let f = 10227 - -10562. Is f composite?
False
Let i(o) = 50 + 3*o - 49 - 2*o. Let u be i(3). Is u/(-26) + (-4959)/(-39) a composite number?
False
Suppose 1241 + 1620 = -d. Let m = d - -4272. Is m prime?
False
Let q = 2710 + 3879. Is q a prime number?
False
Let i(k) = 1066*k**3 + 3*k**2 - 7*k + 15. Is i(3) prime?
False
Suppose 2*v + 4 = 0, -4*v + 3 - 7 = 2*u. Let f be (u - -15) + (11 - 9). Suppose 0 = 6*w - 589 + f. Is w a prime number?
False
Suppose -2*s = 3*i - 0 - 7, 2*i = 4*s + 10. Suppose i*w - 15 = -0. Suppose -w*x + 3*x = -62. Is x a prime number?
True
Let r be (3 + (-7 - -3))*-140. Suppose -r + 366 = m. Let w = m - 49. Is w a prime number?
False
Suppose -6*x + x + 3715 = 0. Let y = -290 + x. Is y prime?
False
Let g = -100464 - -143113. Is g prime?
True
Let c = 82 + -52. Let b be (-20)/(-6)*(13 + -1). Suppose j + b = 5*j + 4*q, 0 = -3*j + 3*q + c. Is j a composite number?
True
Suppose 2*w - 595 = 1243. Is w a composite number?
False
Let y = -15 - -23. Let i be (-3723)/(-5) + y/20. Suppose 2*s - 7*s + i = 0. Is s a composite number?
False
Let m(z) = -2*z**2 + 5*z + 10. Let o(a) = -2*a - 3. Let x be o(-5). Let u be m(x). Let b = -10 - u. Is b composite?
False
Let d(p) = -122*p - 521. Is d(-51) composite?
False
Let q = 15 - 10. Suppose 2*g - m = -q*m - 10, -4*g - 5*m = 14. Let j(p) = -124*p**3 + p. Is j(g) a prime number?
False
Let s be ((-4)/(-3))/(8/18). Suppose -3*h - h - j - 18 = 0, s*j = h - 2. Is (-4)/(h - -3) - -217 a composite number?
True
Let k = -43917 - -63656. Is k a composite number?
False
Let a(h) = 7793*h**2 + 27*h + 27. Is a(-1) composite?
False
Is 2025336/120 - (3 + (-21)/5) a prime number?
True
Let c(p) = p + 13. Let o be c(-9). Suppose 2*z - 487 = 3*h, -h = 3*z + o*h - 702. Let j = 176 + z. Is j a prime number?
False
Let y(r) = -27*r + 1. Let n be y(-4). Suppose 5*g = -n + 424. Is g/6*22/3 a composite number?
True
Let b(d) = 2*d + 1. Let c be b(0). Let x be (2 - c)/(5/10). Suppose 5*m + 4*z - 292 = x*z, -m + 4*z + 54 = 0. Is m composite?
True
Let g be ((-2)/3)/(34/(-255)). Is (-3)/(-45)*1059*g prime?
True
Let a(k) = -k**2 + 24*k - 27. Let c be a(23). Let n(r) = -469*r - 9. Is n(c) a composite number?
False
Suppose -64184 = -90*k + 82*k. Is k composite?
True
Is -78 + 17621 - 1*4 a composite number?
False
Suppose -10 = -2*y - 4, -3*y = 3*k - 4632. Is k composite?
True
Suppose -4*h + 3*d = -31, h + h - 9 = -5*d. Suppose h*u = 11*u - 444. Is u composite?
True
Suppose 14007 = 3*t - 12294. Is t a prime number?
False
Let o = 343 - -227. Suppose -o - 651 = -11*c. Is c composite?
True
Let x = -6746 - -43417. Is x prime?
True
Let r(h) = 1294*h**2 - 2*h + 2. Let w be r(1). Let d = w - 557. Is d a prime number?
False
Is 36 - ((-75)/200 + (-19)/(-8)) a composite number?
True
Suppose -3*q - g = -289, -6*g = 4*q - 3*g - 382. Is q a composite number?
False
Suppose 2*h = 6*h. Let y = -105 - -241. Suppose h = g - 25 - y. Is g a prime number?
False
Suppose 5*g + 29 + 71 = 0. Suppose u + u - 10 = 0. Is 4/g - (-956)/u prime?
True
Let y = 1 + 1. Suppose 6*s - 12 = y*s. Suppose -3*l = -s*f - 147, 5*l - 163 = -5*f + 122. Is l prime?
True
Let k = -21 + 24. Let o be 16/(k - (-3)/(-3)). Suppose -10*d = -o*d - 12. Is d a composite number?
True
Let z = 24967 + -15292. Suppose -7*l = 1618 - z. Is l a composite number?
False
Suppose 8*q - n - 38197 = 6*q, 0 = -q + 3*n + 19096. Is q composite?
True
Is (-4)/7 - (-2416739)/91 a composite number?
False
Suppose -892 - 407 = 4*h + q, -2*h = -4*q + 654. Let w = -66 - h. Is w a composite number?
True
Suppose -7*o + 10*o + 30 = 0. Let m(k) = 3*k**2 - 4*k + 15. Is m(o) a prime number?
False
Is (-2 + (-89664)/(-20))*(-20)/(-8) composite?
True
Suppose -3*z + 44443 = 3*o - 5*z, 2*z - 74061 = -5*o. Is o a composite number?
False
Suppose -4*v = -5*v - 6. Let m be 272/(-5)*45/v. Let i = m + 273. Is i a composite number?
True
Suppose -18*i + 15*i = -46833. Is i a prime number?
False
Suppose -o + 2*o = 1004. Let l(p) = -p + 17. Let u be l(19). Is (o/(-16))/(u/8) composite?
False
Let c = -132 - -20. Let o = -59 - c. Is o prime?
True
Let c = -42 + 26. Let d = -16 - c. Suppose 0*p + 2*p - 290 = d. Is p prime?
False
Is (-12 + (13 - -4))*(708 + 1) a prime number?
False
Let b(p) = 3*p - 56. Let q be b(20). Suppose q*k - 1034 = 2*k. Is k a prime number?
False
Suppose -x = -4*x - 3, 5*x + 2411 = -2*h. Let z = -572 - h. Is z a composite number?
False
Let q(p) = p**3 + 4*p**2 - 7*p - 3. Let b = 7 + 4. Suppose -d - 4*u = -b, 3*d - 2*u = 6*d + 7. Is q(d) a prime number?
True
Is -48549*(-10)/12*(-8)/(-20) a prime number?
True
Let t = 2 + 1. Suppose t*o = -3 - 3. Is (598/4)/((-1)/o) a prime number?
False
Suppose -2*d = -4*s - 10, 5*d - 5*s - 8 - 32 = 0. Let m = -5 + d. Suppose 3*h = m*h - 369. Is h composite?
True
Suppose 53*j - 10109 = 42*j. Is j composite?
False
Suppose 4*d - 1 = s - 11, 1 = d. Suppose -5703 = s*m - 17*m. Is m a composite number?
False
Suppose -2*q = 5*k + 66, 0 = 5*k + q + 57 + 6. Let y be (-7)/21 + k/(-9). Is (-1332)/(-6)*y/3 composite?
True
Suppose 11*o - 560667 = 733340. Is o composite?
True
Is (-112)/(-48) + (-8)/6 + 2721 composite?
True
Is 11*(181 - (0 + 2)) composite?
True
Suppose -4*a - 3*y - 1283 + 3926 = 0, -632 = -a + 5*y. Let j be a/18*(-2)/(-1). Let q = j + -35. Is q prime?
False
Let t = -6477 - -14248. Is t a prime number?
False
Let w = 7007 + -1302. Suppose w = 2*m + 3*m. Is m prime?
False
Suppose 9*o - 4*o - 65 = 0. Let t = 10 - o. Is (-31)/(1*(t - -2)) a prime number?
True
Let g = 3287 + -1776. Is g a prime number?
True
Let q(z) = 2007*z + 305. Is q(7) prime?
False
Suppose -4*d = -12 - 60. Suppose -s = -4*s + d. Let x(j) = 3*j**2 - 4*j - 1. Is x(s) a composite number?
False
Suppose 12285 = -39*q + 54678. Is q a prime number?
True
Suppose -3*z - 12 = a, -4*a - 2*z - 2*z = 16. Suppose 2849 = -a*s + 7*s. Is s a composite number?
True
Let p(a) = -74*a + 89. Let m be -1 - (1/((-1)/(-28)) - 1). Is p(m) a composite number?
False
Suppose 1 = -5*s - u + 11, 3*s - u - 6 = 0. Suppose 18118 = 5*v - s*v - 5*m, 0 = -v + m + 6038. Is (-12)/(-20) - v/(-15) a composite number?
True
Let f(h) = -2*h**3 - 9*h**2 + 46*h + 19. Is f(-18) a composite number?
True
Let x(i) = 6*i**2 - i**2 - 4*i**2 + 0*i - 4*i. Let 